{"id":24012,"date":"2023-03-31T17:04:35","date_gmt":"2023-03-31T15:04:35","guid":{"rendered":"https:\/\/www.sabinepedrero.com\/?page_id=24012"},"modified":"2024-09-02T17:16:17","modified_gmt":"2024-09-02T15:16:17","slug":"contact","status":"publish","type":"page","link":"https:\/\/www.sabinepedrero.com\/index.php\/contact\/","title":{"rendered":"Contact"},"content":{"rendered":"\t\t<div data-elementor-type=\"wp-page\" data-elementor-id=\"24012\" class=\"elementor elementor-24012\">\n\t\t\t\t\t\t<section class=\"elementor-section elementor-top-section elementor-element elementor-element-7871c97 elementor-section-stretched res-bg-none elementor-section-boxed elementor-section-height-default elementor-section-height-default wpr-particle-no wpr-jarallax-no wpr-parallax-no wpr-sticky-section-no wpr-equal-height-no elementor-invisible\" data-id=\"7871c97\" data-element_type=\"section\" data-settings=\"{&quot;stretch_section&quot;:&quot;section-stretched&quot;,&quot;background_background&quot;:&quot;classic&quot;,&quot;animation&quot;:&quot;fadeInLeft&quot;}\">\n\t\t\t\t\t\t\t<div class=\"elementor-background-overlay\"><\/div>\n\t\t\t\t\t\t\t<div class=\"elementor-container elementor-column-gap-default\">\n\t\t\t\t\t<div class=\"elementor-column elementor-col-100 elementor-top-column elementor-element elementor-element-a8e31cd\" data-id=\"a8e31cd\" data-element_type=\"column\">\n\t\t\t<div class=\"elementor-widget-wrap elementor-element-populated\">\n\t\t\t\t\t\t<section class=\"elementor-section elementor-inner-section elementor-element elementor-element-7add255 elementor-section-boxed elementor-section-height-default elementor-section-height-default wpr-particle-no wpr-jarallax-no wpr-parallax-no wpr-sticky-section-no wpr-equal-height-no\" data-id=\"7add255\" data-element_type=\"section\">\n\t\t\t\t\t\t<div class=\"elementor-container elementor-column-gap-default\">\n\t\t\t\t\t<div class=\"elementor-column elementor-col-50 elementor-inner-column elementor-element elementor-element-2a340df\" data-id=\"2a340df\" data-element_type=\"column\">\n\t\t\t<div class=\"elementor-widget-wrap\">\n\t\t\t\t\t\t\t<\/div>\n\t\t<\/div>\n\t\t\t\t<div class=\"elementor-column elementor-col-50 elementor-inner-column elementor-element elementor-element-4110b22\" data-id=\"4110b22\" data-element_type=\"column\">\n\t\t\t<div class=\"elementor-widget-wrap elementor-element-populated\">\n\t\t\t\t\t\t<div class=\"elementor-element elementor-element-9ad6a7e elementor-widget elementor-widget-ceasectiontitle\" data-id=\"9ad6a7e\" data-element_type=\"widget\" data-widget_type=\"ceasectiontitle.default\">\n\t\t\t\t<div class=\"elementor-widget-container\">\n\t\t\t<div class=\"section-title-wrapper\"><div class=\"title-wrap\"><h6 class=\"sub-title\">R\u00e9servez un rendez-vous<\/h6><h2 class=\"section-title\"><span class=\"title-prefix\">Discutons de votre projet<\/span> <\/h2><\/div><!-- .title-wrap --><div class=\"section-description\"><\/div><!-- .section-description --><\/div><!-- .section-title-wrapper -->\t\t<\/div>\n\t\t\t\t<\/div>\n\t\t\t\t<div class=\"elementor-element elementor-element-b15e72d cus-book-form elementor-widget elementor-widget-contactform\" data-id=\"b15e72d\" data-element_type=\"widget\" data-widget_type=\"contactform.default\">\n\t\t\t\t<div class=\"elementor-widget-container\">\n\t\t\t<div class=\"contact-form-wrapper cf-style-classic\"><div class=\"contact-form\">\n<div class=\"wpcf7 no-js\" id=\"wpcf7-f21372-o1\" lang=\"en-US\" dir=\"ltr\" data-wpcf7-id=\"21372\">\n<div class=\"screen-reader-response\"><p role=\"status\" aria-live=\"polite\" aria-atomic=\"true\"><\/p> <ul><\/ul><\/div>\n<form action=\"\/index.php\/wp-json\/wp\/v2\/pages\/24012#wpcf7-f21372-o1\" method=\"post\" class=\"wpcf7-form init\" aria-label=\"Contact form\" novalidate=\"novalidate\" data-status=\"init\">\n<fieldset class=\"hidden-fields-container\"><input type=\"hidden\" name=\"_wpcf7\" value=\"21372\" \/><input type=\"hidden\" name=\"_wpcf7_version\" value=\"6.1.5\" \/><input type=\"hidden\" name=\"_wpcf7_locale\" value=\"en_US\" \/><input type=\"hidden\" name=\"_wpcf7_unit_tag\" value=\"wpcf7-f21372-o1\" \/><input type=\"hidden\" name=\"_wpcf7_container_post\" value=\"0\" \/><input type=\"hidden\" name=\"_wpcf7_posted_data_hash\" value=\"\" \/>\n<\/fieldset>\n<div class=\"row\">\n\t<div class=\"col-md-6\">\n\t\t<p><span class=\"wpcf7-form-control-wrap\" data-name=\"your-name\"><input size=\"40\" maxlength=\"400\" class=\"wpcf7-form-control wpcf7-text\" aria-invalid=\"false\" placeholder=\"Nom Pr\u00e9nom*\" value=\"\" type=\"text\" name=\"your-name\" \/><\/span><br \/>\n<span class=\"wpcf7-form-control-wrap\" data-name=\"your-email\"><input size=\"40\" maxlength=\"400\" class=\"wpcf7-form-control wpcf7-email wpcf7-validates-as-required wpcf7-text wpcf7-validates-as-email\" aria-required=\"true\" aria-invalid=\"false\" placeholder=\"Email*\" value=\"\" type=\"email\" name=\"your-email\" \/><\/span><br \/>\n<span class=\"wpcf7-form-control-wrap\" data-name=\"tel-249\"><input size=\"40\" maxlength=\"400\" class=\"wpcf7-form-control wpcf7-tel wpcf7-validates-as-required wpcf7-text wpcf7-validates-as-tel\" aria-required=\"true\" aria-invalid=\"false\" placeholder=\"T\u00e9l\u00e9phone*\" value=\"\" type=\"tel\" name=\"tel-249\" \/><\/span><br \/>\n<span class=\"wpcf7-form-control-wrap\" data-name=\"your-message\"><textarea cols=\"60\" rows=\"30\" maxlength=\"2000\" class=\"wpcf7-form-control wpcf7-textarea\" aria-invalid=\"false\" placeholder=\"D\u00e9crivez bri\u00e8vement votre projet\" name=\"your-message\"><\/textarea><\/span>\n\t\t<\/p>\n\t<\/div>\n\t<div class=\"col-md-6\">\n\t\t<div class=\"label\">\n\t\t\t<p>Quand voulez-vous d\u00e9buter le projet?\n\t\t\t<\/p>\n\t\t<\/div>\n\t\t<p><span class=\"wpcf7-form-control-wrap\" data-name=\"date-434\"><input class=\"wpcf7-form-control wpcf7-date wpcf7-validates-as-required wpcf7-validates-as-date\" aria-required=\"true\" aria-invalid=\"false\" value=\"\" type=\"date\" name=\"date-434\" \/><\/span>\n\t\t<\/p>\n\t\t<div class=\"hear-abt\">\n\t\t\t<p><span class=\"wpcf7-form-control-wrap\" data-name=\"hear-about-us\"><input size=\"40\" maxlength=\"400\" class=\"wpcf7-form-control wpcf7-text\" aria-invalid=\"false\" placeholder=\"Comment m&#039;avez-vous connu ?\" value=\"\" type=\"text\" name=\"hear-about-us\" \/><\/span>\n\t\t\t<\/p>\n\t\t\t<div class=\"form-max-value\">\n\t\t\t\t<p>0 of 50 max characters\n\t\t\t\t<\/p>\n\t\t\t<\/div>\n\t\t<\/div>\n\t<\/div>\n<\/div>\n<div class=\"row\">\n\t<div class=\"col-md-12\">\n\t\t<div class=\"label\">\n\t\t\t<p>Type de projet (plusieurs r\u00e9ponses possible)*\n\t\t\t<\/p>\n\t\t<\/div>\n\t\t<p><span class=\"wpcf7-form-control-wrap\" data-name=\"checkbox-588\"><span class=\"wpcf7-form-control wpcf7-checkbox wpcf7-validates-as-required\"><span class=\"wpcf7-list-item first\"><label><input type=\"checkbox\" name=\"checkbox-588[]\" value=\"Mobilier\" \/><span class=\"wpcf7-list-item-label\">Mobilier<\/span><\/label><\/span><span class=\"wpcf7-list-item\"><label><input type=\"checkbox\" name=\"checkbox-588[]\" value=\"Rideaux-Coussins\" \/><span class=\"wpcf7-list-item-label\">Rideaux-Coussins<\/span><\/label><\/span><span class=\"wpcf7-list-item\"><label><input type=\"checkbox\" name=\"checkbox-588[]\" value=\"D\u00e9coration\" \/><span class=\"wpcf7-list-item-label\">D\u00e9coration<\/span><\/label><\/span><span class=\"wpcf7-list-item last\"><label><input type=\"checkbox\" name=\"checkbox-588[]\" value=\"Am\u00e9nagement d&#039;espaces\" \/><span class=\"wpcf7-list-item-label\">Am\u00e9nagement d&#039;espaces<\/span><\/label><\/span><\/span><\/span>\n\t\t<\/p>\n\t<\/div>\n\t<div class=\"col-md-12 form-service-type\">\n\t\t<p><input class=\"wpcf7-form-control wpcf7-submit has-spinner\" type=\"submit\" value=\"Envoyer\" \/>\n\t\t<\/p>\n\t<\/div>\n<\/div><p style=\"display: none !important;\" class=\"akismet-fields-container\" data-prefix=\"_wpcf7_ak_\"><label>&#916;<textarea name=\"_wpcf7_ak_hp_textarea\" cols=\"45\" rows=\"8\" maxlength=\"100\"><\/textarea><\/label><input type=\"hidden\" id=\"ak_js_1\" name=\"_wpcf7_ak_js\" value=\"234\"\/><script>document.getElementById( \"ak_js_1\" ).setAttribute( \"value\", ( new Date() ).getTime() );<\/script><\/p><div class=\"wpcf7-response-output\" aria-hidden=\"true\"><\/div>\n<\/form>\n<\/div>\n<\/div><!-- .contact-form --><\/div><!-- .contact-form-wrapper -->\t\t<\/div>\n\t\t\t\t<\/div>\n\t\t\t\t<div class=\"elementor-element elementor-element-d8f6469 elementor-widget__width-initial elementor-widget elementor-widget-google_maps\" data-id=\"d8f6469\" data-element_type=\"widget\" data-widget_type=\"google_maps.default\">\n\t\t\t\t<div class=\"elementor-widget-container\">\n\t\t\t<style>\/*! elementor - v3.23.0 - 05-08-2024 *\/\n.elementor-widget-google_maps .elementor-widget-container{overflow:hidden}.elementor-widget-google_maps .elementor-custom-embed{line-height:0}.elementor-widget-google_maps iframe{height:300px}<\/style>\t\t<div class=\"elementor-custom-embed\">\n\t\t\t<iframe loading=\"lazy\"\n\t\t\t\t\tsrc=\"https:\/\/maps.google.com\/maps?q=Carr%C3%A9%20d%27art&#038;t=m&#038;z=10&#038;output=embed&#038;iwloc=near\"\n\t\t\t\t\ttitle=\"Carr\u00e9 d&#039;art\"\n\t\t\t\t\taria-label=\"Carr\u00e9 d&#039;art\"\n\t\t\t><\/iframe>\n\t\t<\/div>\n\t\t\t\t<\/div>\n\t\t\t\t<\/div>\n\t\t<div class=\"elementor-element elementor-element-048b9e5 e-flex e-con-boxed wpr-particle-no wpr-jarallax-no wpr-parallax-no wpr-sticky-section-no wpr-equal-height-no e-con e-parent\" data-id=\"048b9e5\" data-element_type=\"container\">\n\t\t\t\t\t<div class=\"e-con-inner\">\n\t\t\t\t<div class=\"elementor-element elementor-element-519849c wpr-logo-position-center elementor-invisible elementor-widget elementor-widget-wpr-logo\" data-id=\"519849c\" data-element_type=\"widget\" data-settings=\"{&quot;_animation&quot;:&quot;fadeInUp&quot;}\" data-widget_type=\"wpr-logo.default\">\n\t\t\t\t<div class=\"elementor-widget-container\">\n\t\t\t\t\t\t\n\t\t\t<div class=\"wpr-logo elementor-clearfix\">\n\n\t\t\t\t\t\t\t\t<picture class=\"wpr-logo-image\">\n\t\t\t\t\t\t\t\t\t\t<source media=\"(max-width: 767px)\" srcset=\"https:\/\/www.sabinepedrero.com\/wp-content\/uploads\/2023\/04\/tampon.png\">\t\n\t\t\t\t\t\n\t\t\t\t\t\t\t\t\t\t<source srcset=\"https:\/\/www.sabinepedrero.com\/wp-content\/uploads\/2023\/04\/tampon.png 1x, https:\/\/www.sabinepedrero.com\/wp-content\/uploads\/2023\/04\/tampon.png 2x\">\t\n\t\t\t\t\t\t\t\t\t\t\n\t\t\t\t\t<img decoding=\"async\" src=\"https:\/\/www.sabinepedrero.com\/wp-content\/uploads\/2023\/04\/tampon.png\" alt=\"\">\n\n\t\t\t\t\t\t\t\t\t<\/picture>\n\t\t\t\t\n\t\t\t\t\n\t\t\t\t\n\t\t\t<\/div>\n\t\t\t\t\n\t\t\t\t<\/div>\n\t\t\t\t<\/div>\n\t\t\t\t\t<\/div>\n\t\t\t\t<\/div>\n\t\t\t\t\t<\/div>\n\t\t<\/div>\n\t\t\t\t\t<\/div>\n\t\t<\/section>\n\t\t\t\t\t<\/div>\n\t\t<\/div>\n\t\t\t\t\t<\/div>\n\t\t<\/section>\n\t\t\t\t<\/div>\n\t\t","protected":false},"excerpt":{"rendered":"<p>R\u00e9servez un rendez-vous Discutons de votre projet Quand voulez-vous d\u00e9buter le projet? 0 of 50 max characters Type de projet (plusieurs r\u00e9ponses possible)* MobilierRideaux-CoussinsD\u00e9corationAm\u00e9nagement d&#039;espaces &#916;<\/p>\n","protected":false},"author":2,"featured_media":0,"parent":0,"menu_order":0,"comment_status":"closed","ping_status":"closed","template":"elementor_theme","meta":{"footnotes":""},"class_list":["post-24012","page","type-page","status-publish","hentry"],"yoast_head":"<!-- This site is optimized with the Yoast SEO plugin v27.4 - https:\/\/yoast.com\/product\/yoast-seo-wordpress\/ -->\n<title>Contact - Sabine Pedrero - Tapissier D\u00e9corateur<\/title>\n<meta name=\"robots\" content=\"index, follow, max-snippet:-1, max-image-preview:large, max-video-preview:-1\" \/>\n<link rel=\"canonical\" href=\"https:\/\/www.sabinepedrero.com\/index.php\/contact\/\" \/>\n<meta property=\"og:locale\" content=\"fr_FR\" \/>\n<meta property=\"og:type\" content=\"article\" \/>\n<meta property=\"og:title\" content=\"Contact - Sabine Pedrero - Tapissier D\u00e9corateur\" \/>\n<meta property=\"og:description\" content=\"R\u00e9servez un rendez-vous Discutons de votre projet Quand voulez-vous d\u00e9buter le projet? 0 of 50 max characters Type de projet (plusieurs r\u00e9ponses possible)* MobilierRideaux-CoussinsD\u00e9corationAm\u00e9nagement d&#039;espaces &#916;\" \/>\n<meta property=\"og:url\" content=\"https:\/\/www.sabinepedrero.com\/index.php\/contact\/\" \/>\n<meta property=\"og:site_name\" content=\"Sabine Pedrero - Tapissier D\u00e9corateur\" \/>\n<meta property=\"article:modified_time\" content=\"2024-09-02T15:16:17+00:00\" \/>\n<meta property=\"og:image\" content=\"https:\/\/www.sabinepedrero.com\/wp-content\/uploads\/2023\/04\/tampon.png\" \/>\n<meta name=\"twitter:card\" content=\"summary_large_image\" \/>\n<meta name=\"twitter:label1\" content=\"Dur\u00e9e de lecture estim\u00e9e\" \/>\n\t<meta name=\"twitter:data1\" content=\"1 minute\" \/>\n<script type=\"application\/ld+json\" class=\"yoast-schema-graph\">{\"@context\":\"https:\\\/\\\/schema.org\",\"@graph\":[{\"@type\":\"WebPage\",\"@id\":\"https:\\\/\\\/www.sabinepedrero.com\\\/index.php\\\/contact\\\/\",\"url\":\"https:\\\/\\\/www.sabinepedrero.com\\\/index.php\\\/contact\\\/\",\"name\":\"Contact - Sabine Pedrero - Tapissier D\u00e9corateur\",\"isPartOf\":{\"@id\":\"https:\\\/\\\/www.sabinepedrero.com\\\/#website\"},\"primaryImageOfPage\":{\"@id\":\"https:\\\/\\\/www.sabinepedrero.com\\\/index.php\\\/contact\\\/#primaryimage\"},\"image\":{\"@id\":\"https:\\\/\\\/www.sabinepedrero.com\\\/index.php\\\/contact\\\/#primaryimage\"},\"thumbnailUrl\":\"https:\\\/\\\/www.sabinepedrero.com\\\/wp-content\\\/uploads\\\/2023\\\/04\\\/tampon.png\",\"datePublished\":\"2023-03-31T15:04:35+00:00\",\"dateModified\":\"2024-09-02T15:16:17+00:00\",\"breadcrumb\":{\"@id\":\"https:\\\/\\\/www.sabinepedrero.com\\\/index.php\\\/contact\\\/#breadcrumb\"},\"inLanguage\":\"fr-FR\",\"potentialAction\":[{\"@type\":\"ReadAction\",\"target\":[\"https:\\\/\\\/www.sabinepedrero.com\\\/index.php\\\/contact\\\/\"]}]},{\"@type\":\"ImageObject\",\"inLanguage\":\"fr-FR\",\"@id\":\"https:\\\/\\\/www.sabinepedrero.com\\\/index.php\\\/contact\\\/#primaryimage\",\"url\":\"https:\\\/\\\/www.sabinepedrero.com\\\/wp-content\\\/uploads\\\/2023\\\/04\\\/tampon.png\",\"contentUrl\":\"https:\\\/\\\/www.sabinepedrero.com\\\/wp-content\\\/uploads\\\/2023\\\/04\\\/tampon.png\",\"width\":591,\"height\":591},{\"@type\":\"BreadcrumbList\",\"@id\":\"https:\\\/\\\/www.sabinepedrero.com\\\/index.php\\\/contact\\\/#breadcrumb\",\"itemListElement\":[{\"@type\":\"ListItem\",\"position\":1,\"name\":\"Accueil\",\"item\":\"https:\\\/\\\/www.sabinepedrero.com\\\/\"},{\"@type\":\"ListItem\",\"position\":2,\"name\":\"Contact\"}]},{\"@type\":\"WebSite\",\"@id\":\"https:\\\/\\\/www.sabinepedrero.com\\\/#website\",\"url\":\"https:\\\/\\\/www.sabinepedrero.com\\\/\",\"name\":\"Sabine Pedrero - Tapissier D\u00e9corateur\",\"description\":\"Restauration \\\/ Confection \\\/ D\u00e9coration \\\/ Cr\u00e9ation\",\"publisher\":{\"@id\":\"https:\\\/\\\/www.sabinepedrero.com\\\/#organization\"},\"potentialAction\":[{\"@type\":\"SearchAction\",\"target\":{\"@type\":\"EntryPoint\",\"urlTemplate\":\"https:\\\/\\\/www.sabinepedrero.com\\\/?s={search_term_string}\"},\"query-input\":{\"@type\":\"PropertyValueSpecification\",\"valueRequired\":true,\"valueName\":\"search_term_string\"}}],\"inLanguage\":\"fr-FR\"},{\"@type\":\"Organization\",\"@id\":\"https:\\\/\\\/www.sabinepedrero.com\\\/#organization\",\"name\":\"Sabine Pedrero - Tapissier D\u00e9corateur\",\"url\":\"https:\\\/\\\/www.sabinepedrero.com\\\/\",\"logo\":{\"@type\":\"ImageObject\",\"inLanguage\":\"fr-FR\",\"@id\":\"https:\\\/\\\/www.sabinepedrero.com\\\/#\\\/schema\\\/logo\\\/image\\\/\",\"url\":\"https:\\\/\\\/www.sabinepedrero.com\\\/wp-content\\\/uploads\\\/2023\\\/03\\\/cropped-cropped-prez-Sabine-Pedrero-Tapissier-1.png\",\"contentUrl\":\"https:\\\/\\\/www.sabinepedrero.com\\\/wp-content\\\/uploads\\\/2023\\\/03\\\/cropped-cropped-prez-Sabine-Pedrero-Tapissier-1.png\",\"width\":1916,\"height\":540,\"caption\":\"Sabine Pedrero - Tapissier D\u00e9corateur\"},\"image\":{\"@id\":\"https:\\\/\\\/www.sabinepedrero.com\\\/#\\\/schema\\\/logo\\\/image\\\/\"}}]}<\/script>\n<!-- \/ Yoast SEO plugin. -->","yoast_head_json":{"title":"Contact - Sabine Pedrero - Tapissier D\u00e9corateur","robots":{"index":"index","follow":"follow","max-snippet":"max-snippet:-1","max-image-preview":"max-image-preview:large","max-video-preview":"max-video-preview:-1"},"canonical":"https:\/\/www.sabinepedrero.com\/index.php\/contact\/","og_locale":"fr_FR","og_type":"article","og_title":"Contact - Sabine Pedrero - Tapissier D\u00e9corateur","og_description":"R\u00e9servez un rendez-vous Discutons de votre projet Quand voulez-vous d\u00e9buter le projet? 0 of 50 max characters Type de projet (plusieurs r\u00e9ponses possible)* MobilierRideaux-CoussinsD\u00e9corationAm\u00e9nagement d&#039;espaces &#916;","og_url":"https:\/\/www.sabinepedrero.com\/index.php\/contact\/","og_site_name":"Sabine Pedrero - Tapissier D\u00e9corateur","article_modified_time":"2024-09-02T15:16:17+00:00","og_image":[{"url":"https:\/\/www.sabinepedrero.com\/wp-content\/uploads\/2023\/04\/tampon.png","type":"","width":"","height":""}],"twitter_card":"summary_large_image","twitter_misc":{"Dur\u00e9e de lecture estim\u00e9e":"1 minute"},"schema":{"@context":"https:\/\/schema.org","@graph":[{"@type":"WebPage","@id":"https:\/\/www.sabinepedrero.com\/index.php\/contact\/","url":"https:\/\/www.sabinepedrero.com\/index.php\/contact\/","name":"Contact - Sabine Pedrero - Tapissier D\u00e9corateur","isPartOf":{"@id":"https:\/\/www.sabinepedrero.com\/#website"},"primaryImageOfPage":{"@id":"https:\/\/www.sabinepedrero.com\/index.php\/contact\/#primaryimage"},"image":{"@id":"https:\/\/www.sabinepedrero.com\/index.php\/contact\/#primaryimage"},"thumbnailUrl":"https:\/\/www.sabinepedrero.com\/wp-content\/uploads\/2023\/04\/tampon.png","datePublished":"2023-03-31T15:04:35+00:00","dateModified":"2024-09-02T15:16:17+00:00","breadcrumb":{"@id":"https:\/\/www.sabinepedrero.com\/index.php\/contact\/#breadcrumb"},"inLanguage":"fr-FR","potentialAction":[{"@type":"ReadAction","target":["https:\/\/www.sabinepedrero.com\/index.php\/contact\/"]}]},{"@type":"ImageObject","inLanguage":"fr-FR","@id":"https:\/\/www.sabinepedrero.com\/index.php\/contact\/#primaryimage","url":"https:\/\/www.sabinepedrero.com\/wp-content\/uploads\/2023\/04\/tampon.png","contentUrl":"https:\/\/www.sabinepedrero.com\/wp-content\/uploads\/2023\/04\/tampon.png","width":591,"height":591},{"@type":"BreadcrumbList","@id":"https:\/\/www.sabinepedrero.com\/index.php\/contact\/#breadcrumb","itemListElement":[{"@type":"ListItem","position":1,"name":"Accueil","item":"https:\/\/www.sabinepedrero.com\/"},{"@type":"ListItem","position":2,"name":"Contact"}]},{"@type":"WebSite","@id":"https:\/\/www.sabinepedrero.com\/#website","url":"https:\/\/www.sabinepedrero.com\/","name":"Sabine Pedrero - Tapissier D\u00e9corateur","description":"Restauration \/ Confection \/ D\u00e9coration \/ Cr\u00e9ation","publisher":{"@id":"https:\/\/www.sabinepedrero.com\/#organization"},"potentialAction":[{"@type":"SearchAction","target":{"@type":"EntryPoint","urlTemplate":"https:\/\/www.sabinepedrero.com\/?s={search_term_string}"},"query-input":{"@type":"PropertyValueSpecification","valueRequired":true,"valueName":"search_term_string"}}],"inLanguage":"fr-FR"},{"@type":"Organization","@id":"https:\/\/www.sabinepedrero.com\/#organization","name":"Sabine Pedrero - Tapissier D\u00e9corateur","url":"https:\/\/www.sabinepedrero.com\/","logo":{"@type":"ImageObject","inLanguage":"fr-FR","@id":"https:\/\/www.sabinepedrero.com\/#\/schema\/logo\/image\/","url":"https:\/\/www.sabinepedrero.com\/wp-content\/uploads\/2023\/03\/cropped-cropped-prez-Sabine-Pedrero-Tapissier-1.png","contentUrl":"https:\/\/www.sabinepedrero.com\/wp-content\/uploads\/2023\/03\/cropped-cropped-prez-Sabine-Pedrero-Tapissier-1.png","width":1916,"height":540,"caption":"Sabine Pedrero - Tapissier D\u00e9corateur"},"image":{"@id":"https:\/\/www.sabinepedrero.com\/#\/schema\/logo\/image\/"}}]}},"_links":{"self":[{"href":"https:\/\/www.sabinepedrero.com\/index.php\/wp-json\/wp\/v2\/pages\/24012","targetHints":{"allow":["GET"]}}],"collection":[{"href":"https:\/\/www.sabinepedrero.com\/index.php\/wp-json\/wp\/v2\/pages"}],"about":[{"href":"https:\/\/www.sabinepedrero.com\/index.php\/wp-json\/wp\/v2\/types\/page"}],"author":[{"embeddable":true,"href":"https:\/\/www.sabinepedrero.com\/index.php\/wp-json\/wp\/v2\/users\/2"}],"replies":[{"embeddable":true,"href":"https:\/\/www.sabinepedrero.com\/index.php\/wp-json\/wp\/v2\/comments?post=24012"}],"version-history":[{"count":68,"href":"https:\/\/www.sabinepedrero.com\/index.php\/wp-json\/wp\/v2\/pages\/24012\/revisions"}],"predecessor-version":[{"id":26526,"href":"https:\/\/www.sabinepedrero.com\/index.php\/wp-json\/wp\/v2\/pages\/24012\/revisions\/26526"}],"wp:attachment":[{"href":"https:\/\/www.sabinepedrero.com\/index.php\/wp-json\/wp\/v2\/media?parent=24012"}],"curies":[{"name":"wp","href":"https:\/\/api.w.org\/{rel}","templated":true}]}}